1 - 3) - ((33 - 14) + -16)
10
-6 - (-22 - -59 - 33)
-10
(20 - 17 - 18) + 38
23
What is the value of (9 - -21) + 19 + -41?
8
What is 22 - (0 - (-53 - -18))?
-13
Calculate (-2 - 3 - 10 - (1 - -1)) + 2.
-15
What is -16 - (-3 + 4 + 10 - (-66 - -75))?
-18
What is 1 - 3 - (13 - 53) - (2 + 1)?
35
Calculate -9 + 1 + (56 - 35) + (-2 - -5).
16
What is 37 - ((14 - -55) + -21)?
-11
-1 + 1 + (65 - 60 - (12 + -2))
-5
Evaluate 6 + 8 + 15 + (1 - 13).
17
Evaluate (0 - (3 - 5)) + 18 + -4 + 1.
17
Calculate (5 - (-8 - -26)) + (0 - -2).
-11
Calculate (-19 - -8) + 8 - ((-2 - -3) + -10).
6
(-1 - -1 - -9) + -19 + -29 + 44
5
Calculate 6 + (-18 - (21 - 21)).
-12
What is (20 - 59) + 17 + 38?
16
Calculate (10 - 0 - (-9 + 13)) + 1 - -12.
19
Evaluate 0 - -6 - (-3 + -4 + 8) - -6.
11
Calculate -24 + 6 + 22 + 2 + -1.
5
What is the value of 6 + (9 - (2 - (0 + -10)))?
3
Evaluate (-22 - (-49 + 23)) + -17.
-13
-41 + -31 + 43 - -20
-9
What is the value of -3 - (5 - -1) - -12?
3
Evaluate 257 - 262 - (0 + 34 + (-2 - 1)).
-36
Evaluate 13 + (3 - -1) + (1 - (5 + 4)).
9
What is the value of 1 - (-1 + -5 - (0 - 1))?
6
5 - ((0 - (18 - 12)) + (46 - 3))
-32
Evaluate (13 + -11 - 5) + -4 + (3 - 0).
-4
What is 5 + -18 + (-12 - -36)?
11
Evaluate (-47 - -46) + -6 + 0 - (5 + -6).
-6
What is the value of -1 + (0 - (3 - (7 - 0))) - 27?
-24
348 + -349 - (-2 + -1 - 1)
3
What is the value of -25 + 5 - (-37 - 3)?
20
What is -6 + 2 + -19 + (26 - 18)?
-15
Evaluate -5 + 18 + -1 + (-3 - (-4 + 0)).
13
What is -13 + (14 - 6) + (-3 - 4 - 9)?
-21
Evaluate 4 + 5 + -14 + (12 - 16).
-9
What is 3 + (2 - (2 - -5)) + 16 - -2?
16
Evaluate (-24 - -10) + 7 - 2.
-9
Calculate (-12 + 19 - 1) + 3 + (-4 - -2).
7
What is -16 - -27 - (7 + -1)?
5
Evaluate 1503 + -1520 - (-7 - 2).
-8
Evaluate 2 - -7 - (-5 + 5 + (-3 - 3)).
15
What is the value of 24 + (-2 - (4 + (2 + -19 - -10)))?
25
What is the value of -22 - 1 - (-124 + 110)?
-9
What is 3 + 1 - 2 - (316 - 309)?
-5
Calculate 1 + -3 - (6 + -4 + 1 - 13).
8
What is the value of (2 - -35 - 4 - 15) + 0?
18
-8 - -3 - -1 - (5 - (-6 - 4))
-19
Calculate 2 + 8 + -14 + -2 + -5.
-11
(-38 - -19) + 0 + (-5 - -8)
-16
21 + (-5 - (22 + (0 - 14)))
8
Calculate (-4 - 10 - -13) + -13 + -15.
-29
Calculate 41 + -13 + (-5 - (2 + 0)).
21
What is the value of (-32 - -5) + 16 - -3?
-8
What is the value of -4 - 3 - (18 + (1 - 14))?
-12
What is the value of 4 + -14 + -7 + 8?
-9
3 + (-9 - -14) + 7
15
84 + -166 - -85 - (-15 + 1)
17
What is 1 - (3 + -1 + (-15 - -4))?
10
10 + -9 + -11 - -4 - (6 - 1)
-11
Evaluate (-5 - -4) + -1 + 5 - (4 - 4).
3
What is -2 + -4 + 10 + 17 + -4?
17
11 - (13 + -6 + 10) - (-4 - -19)
-21
Calculate (-5 - -4) + 10 - (185 - 192).
16
Calculate 10 - (40 - 12) - -7.
-11
What is 0 - (5 - -1) - (80 - (161 + -60))?
15
What is -6 + -3 + 3 + -7 - 0?
-13
Calculate 6 - (-24 + 14 + 12 + -14).
18
Calculate -19 + 18 - (-10 + 5).
4
What is (11 - 29) + 7 + -3?
-14
5 - 4 - -1 - (3 + -12)
11
2 + -2 + (9 - 10 - (0 + 0))
-1
Calculate (-2 - -3) + (2 - 9) + 170 + -168.
-4
Calculate -1 + -5 + 29 + (-1 - 7) + -4.
11
Evaluate -4 + 0 + -107 + 99.
-12
Calculate -5 + (5 + -6 - 2) + 11 + 17.
20
What is the value of (-15 - -45 - 30) + (17 - 1)?
16
Evaluate (-10 - 3) + (10 - 1 - (7 - 1)).
-10
Calculate 81 + -87 + (2 - -1).
-3
Evaluate -5 + -1 + (6 - (8 + -19)).
11
Evaluate -8 + (-4 - -5 - -4).
-3
What is the value of ((-9 - -8) + -8 - -10) + 0 + 8?
9
Evaluate 0 + 3 + (23 - (4 + 8)).
14
Evaluate 5 + (1 + 4 - -9 - (7 - 3)).
15
Evaluate 31 + -27 + -34 + 31.
1
Calculate 0 - -3 - (29 - (43 + -28)).
-11
-15 - (-3 + -20) - -3
11
20 + (-28 - -13) + -20
-15
What is the value of 3 + (-7 - -1) + 16?
13
Evaluate -3 + -8 + (-4 - -11) - -4.
0
Calculate (-2 - -13) + 457 + -486.
-18
Calculate (-20 + 14 - (1 - 0) - -2) + 22.
17
(-354 - -278 - (-17 + 0)) + 18
-41
What is -18 - ((17 - 9) + 0 - 13)?
-13
What is the value of -4 - (1 + (7 - 6)) - -6 - 10?
-10
Calculate 15 - (11 - -3) - (-18 + 0).
19
Calculate -7 + (-7 + -5 - (5 - 0 - 0)).
-24
Evaluate 103 + -111 - (1 - 7) - -1.
-1
Calculate 1 + 16 - (241 - 231).
7
Calculate 4 + -34 - (133 + -150).
-13
What is the value of 8 + 1 + 0 + -29 + (-69 - -88)?
-1
Evaluate 9 + -14 + 9 + -21 + (-3 - 4).
-24
Calculate -24 + (23 - 11 - 16 - -5).
-23
What is 21 - (-1 + -7 + 17)?
12
Calculate 26 - (-259 + 254 - (-2 + -3 + 2)).
28
What is -28 - -21 - 0 - -21?
14
Calculate 1 + (14 - 10 - 6) + 1 + -1.
-1
Calculate (-1 - (4 - -8)) + (-5 - (-11 + 12)).
-19
Calculate 0 - (0 + 8 + (-4 - (-7 + 10))).
-1
Evaluate 3 - (2 - 9) - (1 - (-6 + 11)).
14
Evaluate -6 + (8 + -1 - (18 - 13)).
-4
Calculate (4 - (-2 - (-7 + 5))) + (-2 - 5).
-3
Evaluate 7 + 9 + 3 + -22 + 12.
9
(15 + -8 - 8) + -7
-8
Evaluate -5 + -4 + -5 + 4 + 5.
-5
-5 + -6 + 9 - -16 - (9 - 2)
7
Evaluate 0 - -15 - ((32 - 45) + 27).
1
What is (-63 - -62 - ((0 - 3) + 7)) + 0?
-5
What is the value of -3 + (15 - (11 - (27 + -17)))?
11
Evaluate -7 - (1 - -9) - -14.
-3
What is 11 + -22 - -14 - 12 - 11?
-20
-11 - ((4 - 29) + 17 - -3)
-6
What is 5 + 5 + (4 - (3 - -3) - -14)?
22
What is the value of 0 - 14 - (-13 - 10 - -23)?
-14
Calculate -8 - (1 - -5) - -1 - (-4 - 1).
-8
17 + -6 - (18 + 4 + -12) - 3
-2
Evaluate (8 - (6 - -20)) + 31.
13
What is the value of (-24 - -19) + -10 - 4?
-19
0 + 13 + (7 - 6) + -9
5
(8 - (1 + 6)) + -3
-2
Evaluate -11 - (13 - (-2 + 5 - 8 - -7)).
-22
Calculate 16 + (11 - 23) + -19.
-15
2 + 2 + -5 - (8 + -1)
-8
What is -5 - (10 - (-13 - -25))?
-3
What is the value of -15 + (-10 - (-13 + -1)) - 1?
-12
What is 9 - 1 - 13 - (-4 + -2) - 0?
1
Calculate 9 + (-30 + -3 - -9).
-15
Calculate (-19 - (-18 - -18)) + 41.
22
2 - (-10 + (1 + 0 - 2))
13
What is 8 - (26 + -55 + 22)?
15
Evaluate (17 - (-9 + 43) - 10) + -10.
-37
15 - (-6 - (-11 + -3))
7
Evaluate 18 - ((5 + -20 - -7) + 16).
10
Calculate -20 + (14 + 13 + -22 - -4).
-11
What is -14 + 27 + -23 - (1 - 8)?
-3
Evaluate (1 - -15) + -7 - 17.
-8
Evaluate 7 - (3 + 4 - (2 + -1)).
1
-5 + -7 + -26 + 42
4
What is 1 - ((8 - 16) + 10 + -1)?
0
Calculate -1 + (-5 - (6 - 1 - 11)) - 7.
-7
What is the value of (-9 - (2 + -4)) + (-8 - -6)?
-9
What is (-72 - -92) + -11 + 1?
10
What is the value of -3 + -7 - -8 - -1 - -10?
9
Evaluate -2 + -12 - (21 + -8 - 18).
-9
Calculate 6 - ((4 - -2) + 4 + -4 - 9).
9
(5 + 11 - 3) + -14
-1
13 + 11 + -6 + -1 + (-1 - 1)
15
31 - -21 - 12 - 31
9
Evaluate 4 + -6 + -6 - 2.
-10
What is 0 + -9 + 9 + -1?
-1
Calculate 4 + -6 - (-13 - (9 + -12)) - 19.
-11
Evaluate -42 + 43 + (3 - (0 + -1)).
5
What is the value of 1 + -9 + 14 + -60 + 33?
-21
-2 + -8 + 4 + (-7 - -6)
-7
Evaluate 0 + -9 - (0 + 4 - -3).
-16
Calculate -24 + 4 + -15 + (19 - 10).
-26
Evaluate (17 - 1) + -3 + -14.
-1
What is (-25 + 2 - -39) + -30?
-14
Calculate 5 + -8 + -28 - (-8 + 5) - -4.
-24
496 + -488 - (-2 - -30)
-20
60 + -52 + (-23 - 0) - -4
-11
-8 + 20 + (-13 - -9)
8
9 + -5 - (21 - 18)
1
Evaluate (6 - -1) + (41 - 43 - 0).
5
484 - 508 - (1 + -2 - 10)
-13
Evaluate -2 - (-19 + 11 + 2).
4
4 + -8 + 9 + -42
-37
Evaluate -8 - -2 - (-3 + -15 + -5 + -2).
19
Evaluate -2 + 2 + -6 + 6 + -18 - -1.
-17
Calculate (-1 - -7) + (-23 - -19) - 5.
-3
Evaluate -23 + 24 + 0 + -3 + -3.
-5
What is the value of -2 - 10 - (-42 - -36)?
-6
What is (-10 - -3 - (-2 - 1 - 4)) + -8?
-8
Calculate -2 + 5 + 1 + (-1 - -8 - 16).
-5
42 - (-12 - (-4 - -5 - 29))
26
Calculate 5 + 17 - (15 + 0 + 0 + -9).
16
What is the value of 4 + (-24 - -24) + 13?
17
Calculate 1 + 9 - (-51 + 63).
-2
What is the value of -7 + (-6 - -1 - (10 + -17) - -7)?
2
What is 5 - ((8 - -5) + (-17 - -2))?
7
What is -2 + -12 + 0 - (34 - 43)?
-5
Evaluate 5 - (-25 - -16 - -8).
6
-150 - -132 - (0 + 7 - (4 - 0))
-21
Evaluate 37 + -39 - -12 - (12 + 4).
-6
Evaluate 24 - (3 - -9) - (-7 - (21 - 3)).
37
Calculate (4 + 0 + -23 - -1) + -143 + 155.
-6
Evaluate -12 + 0 + 0 - (704 + -742).
26
What is (9 - 13) + (20 - 4) + -1?
11
What is (-2 - -3) + 0 + 1?
2
Evaluate 6 + -27 + 15 - -6.
0
What is the value of -196 + 185 + (0 - -17)?
6
-58 - -16 - -29 - (14 - 1)
-26
What is the value of (-1 - -8) + 7 + -8 + 1?
7
Calculate (10 - 31) + (9 - -2) + (-3 - 2).
-15
Evaluate 0 - (-3 + -10 + 3).
10
What is the value of 29 + (-16 - (-17 + 3))?
27
What is 125 + -137 - (-2 - (0 - -1)) - 1?
-10
What is 4 + 0 + (-17 - (14 + -8)) + 11?
-8
What is 2 + 11 + 12 + -10?
15
-27 - (-39 + 50 + -4 + (1 - 5))
-30
(7 + -11 - 4) + -1 + 0 + 8
